 = -q**3 + 1 + 2*q**2 - 5*q + 2*q**3 - v - 4*q**2. What are the prime factors of s(4)?
3
Suppose -21 = -2*u - 7. Suppose l + u = 15. Let c = -4 + l. List the prime factors of c.
2
Let w(m) = -59*m**3 + 2*m**2 - 1. What are the prime factors of w(-1)?
2, 3, 5
Let u(w) be the third derivative of -w**6/30 + w**4/12 + w**3/6 + w**2. What are the prime factors of u(-1)?
3
Let p(l) = l**3 - l**2 + l. Suppose 3*t + m - 6 = -4*m, -3*t + 6 = -3*m. List the prime factors of p(t).
2, 3
Suppose 201 = 5*j - 4*c - 667, 0 = -5*j - 4*c + 852. List the prime factors of j.
2, 43
Let q(a) = 3*a**2 - 8*a - 1. What are the prime factors of q(-4)?
79
Let l(k) = k**3 + 2*k**2 - k - 1. Let c be l(-3). Let z = 0 - c. What are the prime factors of z?
7
List the prime factors of 2/(((-10)/(-315))/1).
3, 7
Suppose 5*j - 307 + 99 = -u, -6 = 3*j. List the prime factors of u.
2, 109
Let p(g) = -g**2 - 8*g + 3. Suppose u = 4*j + 2*u - 204, -104 = -2*j - u. Suppose 2*h + 12 = -5*v - 29, -5*h = 5*v + j. What are the prime factors of p(v)?
2, 5
Let c(j) = 2*j**2 - 5*j + 3. Let z be ((-2)/2)/(1/(-4)). Suppose -3 = 3*i - z*i. List the prime factors of c(i).
2, 3
Let z = -25 - -51. List the prime factors of z.
2, 13
Let o(u) = 4*u**2 + 9*u - 4. Let n(r) = 5*r**2 + 9*r - 4. Let p(a) = 5*n(a) - 6*o(a). List the prime factors of p(10).
2, 7
Suppose -i - 87 = 5*d - 253, 0 = -3*d + 2*i + 97. List the prime factors of d.
3, 11
Let p be (-26)/(-3)*(1 + -7). What are the prime factors of (1 - -7)*p/(-16)?
2, 13
Suppose 4*n = -r + 64, -3*r + 35 = 3*n + r. Let l be (3/(-6))/(1/22). Let u = n + l. List the prime factors of u.
2, 3
Suppose -133 = 4*i + 51. Let f = -16 - i. List the prime factors of (-54)/f*20/(-6).
2, 3
Suppose 0*b - b + 4 = -u, -4 = 2*u. Suppose 0 = -i + 4*i + f - 72, -b*i + 52 = 2*f. List the prime factors of i.
23
Let r(f) = 2*f**3 - 10*f**2 - 10*f + 1. Let v(i) = -3*i**3 + 20*i**2 + 19*i - 1. Let h(w) = 5*r(w) + 3*v(w). What are the prime factors of h(-9)?
2, 5
Let o(y) = -y - 13. Let i be o(-12). What are the prime factors of 3/(-2)*(-21 - i)?
2, 3, 5
Let j be 4/6*(-240)/(-4). Suppose 0*n + j = 5*n. What are the prime factors of n?
2
Let f = 6 + -2. Let o = 4 + f. Suppose 0 = 5*c - 5, 5*w - 25 = 3*c - o. List the prime factors of w.
2
Let y be (-3 + (1 - 1))/(-1). Suppose 22 = 4*f + k, -f = f - y*k - 4. What are the prime factors of f?
5
Let t be 3/(((-12)/8)/(-1)). Suppose 3*a - 73 = -5*h, -h - t*a + 7*a = -37. What are the prime factors of h?
17
Suppose -5 = z - 19. List the prime factors of z.
2, 7
Suppose 4*q = -g - 5, 0*q - 17 = -5*g + q. Suppose 16 = u + 3*t, u + g*t = 5*t + 36. What are the prime factors of u?
2, 7
Let m(l) be the third derivative of 2*l**2 - 1/12*l**4 + 0 + 1/3*l**3 + 0*l. What are the prime factors of m(-2)?
2, 3
Suppose 3*m + 3*a = 111, 0*a = -2*a. List the prime factors of m.
37
Suppose 0 = -3*d + 4*u + 37, 3*d + u = -0*d + 32. Let g = d - 5. List the prime factors of g.
2, 3
Let p(o) = 42*o + 2. What are the prime factors of p(1)?
2, 11
Suppose 4*x + 3*l + 95 = -17, 2*x + 4*l + 56 = 0. Let r = -16 - x. List the prime factors of r.
2, 3
Let x(u) = 298*u**2 - 3*u + 1. What are the prime factors of x(-1)?
2, 151
Let j(z) = 12*z - 82. What are the prime factors of j(9)?
2, 13
Let h(u) = -u**3 + 8*u**2 + 4*u. What are the prime factors of h(5)?
5, 19
Let d(g) = -g**3 - g**2 + 3*g. What are the prime factors of d(-5)?
5, 17
Let o = 18 - 8. Let r = 14 - o. List the prime factors of (r/8)/(2/12).
3
Suppose -4*g = -8*g + 20. Suppose h + 2*f - 8 = -0*h, -5*h + g*f = -85. List the prime factors of h.
2, 7
Suppose -252 = 2*o - 7*o - 3*p, 0 = -4*o + 4*p + 208. What are the prime factors of o?
3, 17
What are the prime factors of 62 - (4 + (-25)/10)*-2?
5, 13
Suppose -152 = 2*z - 6*z. Let v = 34 + z. Suppose -5*c + v = 12. List the prime factors of c.
2, 3
Let z = -2 - 19. Let h = z + 37. Suppose 3*i - c - 25 = h, 0 = -4*i + 2*c + 52. List the prime factors of i.
3, 5
Let t(z) = 4*z**2 - 12*z + 6. List the prime factors of t(5).
2, 23
What are the prime factors of ((-455)/70)/((-17)/16 + 1)?
2, 13
Suppose 9*p = 222 + 354. List the prime factors of p.
2
Let x = 125 + 62. List the prime factors of x.
11, 17
Let j(l) = l**3 - 6*l**2 + 6*l - 3. Let s be j(5). Suppose 0 = -p + 2*q + 26, 3*p + 3*q = -s*p + 78. What are the prime factors of (-5)/2*p/(-5)?
3
What are the prime factors of (166/5)/(4/10 + 0)?
83
List the prime factors of (-22)/(-12) + (-3)/(-18).
2
Let c = 3 - 2. Let q(b) = 25*b. What are the prime factors of q(c)?
5
Let m(f) = -7*f. Let k be m(2). Let t = k - -21. Suppose 2*z = t*z + y - 17, 3*z = 4*y + 1. What are the prime factors of z?
3
Let c(p) = 2*p**2 - p - 4. Let m be c(-3). Suppose -4*g + m + 3 = 0. What are the prime factors of g?
5
Suppose m = 4*m + 36. What are the prime factors of m/(-2) - (0 + 0)?
2, 3
Suppose g = -4*r + 4, 7*r - 4*r - 8 = -2*g. Suppose 0*c - 60 = -g*c. List the prime factors of c.
3, 5
Suppose 3*l + l - a = 116, -l + 29 = 2*a. Let n = -18 + l. What are the prime factors of n?
11
Suppose 2*j - 24 = 5*o, 2*o + 14 = -j + 4*j. Suppose 0*x = x + j. List the prime factors of (1 - x - 2) + 12.
13
Suppose 132 = 3*d - 21. What are the prime factors of d?
3, 17
List the prime factors of 9/(-3) - (-5 + -180).
2, 7, 13
Let h be -164*(-3 + (-20)/(-8)). Let f = h - 43. What are the prime factors of f?
3, 13
Suppose -3*s = -381 + 54. List the prime factors of s.
109
Let m = -52 + 73. Let l = m - 15. Let v = l + -2. What are the prime factors of v?
2
Suppose 0 = 3*y - 4*g - 12, g = 4*g. Suppose 0*x - 2*h - 11 = -x, -3*x + y*h = -35. What are the prime factors of x?
13
Suppose 0 = -2*b + 33 - 11. Let c(k) = 12*k + b*k**2 + 10 + 0*k**3 + 4 - k**3. What are the prime factors of c(12)?
2, 7
Suppose 2*z - 3*z = -2*p + 56, -5*p - 289 = 4*z. What are the prime factors of (8/(-2) - z)/2?
31
Let s be (-63)/(-28) - (-9)/12. What are the prime factors of (46/4)/(s/6)?
23
Suppose -18*a + 15*a = -570. What are the prime factors of a?
2, 5, 19
Let a(r) = 2*r**2 - 4*r + 10. What are the prime factors of a(8)?
2, 53
Let p(u) = u**3 - 4*u**2 + u - 4. Let o be p(4). Suppose o*w - w + 2*b + 3 = 0, 5*w - 51 = b. What are the prime factors of w?
11
Let a be (14/10)/(1/5). Let p(y) = 3*y - 5. List the prime factors of p(a).
2
Suppose -4*w + 1402 = 5*y - 2*w, y - 266 = -4*w. What are the prime factors of y?
2, 3, 47
Let x(f) = 7*f - 6. Suppose 3*o = -5*z + 45, 0 = -0*z + 2*z - 2*o - 18. Suppose -z*y = -6*y - 12. What are the prime factors of x(y)?
2, 11
Suppose -11*a = -6*a - 280. What are the prime factors of a?
2, 7
Let v(a) = -120 + 120 + 2*a**2 - 7*a + 0*a. List the prime factors of v(5).
3, 5
Suppose 0*b + 2*b = 4*m - 140, 4*m - 152 = 5*b. What are the prime factors of m?
3, 11
Let n(z) = z - 2 + z + 0*z - 3*z. Let d be n(-4). Suppose -3*f = 2*f, d*f = 2*w - 16. List the prime factors of w.
2
Let h be -1 + 1 - 2/(-2). Let i be (-7)/(14/12)*h. List the prime factors of 8/12*(0 - i).
2
Let m(v) be the second derivative of -v**3/3 - 2*v. Let s be m(-1). Suppose -8 = s*n + 4*f, -4*f - 27 = -2*n - f. What are the prime factors of n?
2, 3
Let o = -280 + 441. Let w = o + -113. What are the prime factors of w?
2, 3
What are the prime factors of (-2)/(-13) - (-4345)/65?
67
Let l(g) = -36*g - 3. What are the prime factors of l(-1)?
3, 11
Let r(k) = -13*k**3 - k**2 - 2. Let d(o) = 20*o**3 + 2*o**2 + 3. Let z(h) = 5*d(h) + 8*r(h). What are the prime factors of z(-1)?
5
Let s = -2 + -5. Let q = 52 + -35. Let r = q + s. What are the prime factors of r?
2, 5
Suppose 2*g - 22 = -2*t, g + 2*t - 7 + 1 = 0. Suppose -v - 1 = -g. List the prime factors of v.
3, 5
Let m(b) be the second derivative of -b**5/5 + b**4/12 - b**3/6 - b**2/2 + 2*b. What are the prime factors of m(-1)?
5
List the prime factors of -7*(438/(-21) - -2).
2, 3, 11
Let z = 300 - 71. What are the prime factors of z?
229
Let n be (-636)/(-24) - (-3)/(-2). Let i = -6 + n. What are the prime factors of i?
19
Let j(o) = 6*o**2 + 15*o + 20. List the prime factors of j(-6).
2, 73
Suppose 3*u = -g + 89, 3*u = -0*g + 4*g + 94. Suppose 5*k - 3*k - u = 0. What are the prime factors of k?
3, 5
Let i(g) = -g. Let w(k) = 4*k - 2. Suppose 0 = -4*p - 1 - 3. Let x(u) = p*w(u) - 3*i(u). List the prime factors of x(